ided by g?
9
Let b = -9079 + 9085. What is the remainder when 3015 is divided by b?
3
Suppose -5*f + 10*f - 240 = -8*k, -4*k = f - 120. Let x = -15 + 23. Suppose -g - x = -3*g. What is the remainder when k is divided by g?
2
Let z = -101 + 163. Suppose 2*g - z = -4*n, -3*n + 4*g - 2*g + 43 = 0. What is the remainder when 15 is divided by n?
0
Let x(q) be the first derivative of 32 - 3/2*q**2 + 64*q. Calculate the remainder when x(0) is divided by 22.
20
Suppose -83*x + 13*x + 26*x + 19140 = 0. What is the remainder when x is divided by 21?
15
Calculate the remainder when 1264 is divided by (700/(-63))/((-15)/135).
64
Let s be 2/8 + (-750)/(-40). Let q = s - 5. Suppose 0 = -t + 6*t - 275. What is the remainder when t is divided by q?
13
Suppose w + 6255 = 5*a, 5*w = -5*a + 5161 + 1124. Calculate the remainder when a is divided by 28.
20
Suppose -3*v + 18*c + 344 = 23*c, 0 = -4*v - 2*c + 440. Calculate the remainder when 969 is divided by v.
105
Suppose 13*y = -0*y - 14*y + 2349. What is the remainder when y is divided by 5?
2
Suppose 16 = 2*c - 4*y, 0 = -6*c + 2*c - 5*y - 33. Let o(k) = 34*k**2 - 2*k + 2. Calculate the remainder when o(c) is divided by 21.
16
Calculate the remainder when (200/1300 + 2222/(-78))/(1/(-33)) is divided by 15.
5
Let z = -94 - -118. Suppose 5*q - 1974 = -16*q. What is the remainder when q is divided by z?
22
Let w be ((-3)/2)/((-48)/448). Suppose -3*i = -w - 52. What is the remainder when 44 is divided by i?
0
Let v = -104 + 101. Calculate the remainder when 38 is divided by (v/2)/(-1*12/176).
16
Let p = -10 - -50. Suppose 10 - 2 = 2*n. Calculate the remainder when p is divided by n.
0
Let m be -272 - (1*(-14)/(-2) + -4). Let u = -267 - m. Calculate the remainder when 61 is divided by u.
5
Let s = -624 + 1047. What is the remainder when s is divided by 61?
57
Let y = 160 - 82. Suppose -30*x = -9*x - 17*x + o - 82, o + 2 = 0. What is the remainder when y is divided by x?
15
Let l(r) = 3*r**2 + 47*r + 221. Suppose -138 = 4*x - 250. What is the remainder when l(-11) is divided by x?
11
Let k(q) = q + 87. Let s be k(0). Let h = s - 77. Let g = h + -3. What is the remainder when g is divided by 6?
1
Suppose 10*g - 201 = -3*g + 735. Calculate the remainder when g is divided by 56.
16
Calculate the remainder when 6 + (-37)/((-703)/7942) is divided by 185.
54
What is the remainder when 20/(-4)*-7 + 1 is divided by ((-228)/24)/19*-48?
12
Let g = 324 + 2274. Calculate the remainder when g is divided by 100.
98
Let h = -1195 + 1205. Suppose -10*s + 748 = -6*s. Calculate the remainder when s is divided by h.
7
Let c = -18861 - -18952. Calculate the remainder when 1191 is divided by c.
8
Suppose 0 = 5*b - 4*b - 33. Let d be -2*2 - (-7 - -6). Calculate the remainder when b is divided by d + -20*(1 + 16/(-10)).
6
Let g be ((-2)/7 - 184/(-56)) + -5. Let h be g + 4/(-10) + (-7)/(-5). Calculate the remainder when 128 is divided by (25 - 0) + -7*h/7.
24
Suppose -w - 1535 = -4*n, -n - 2*n - 5*w + 1157 = 0. Calculate the remainder when n is divided by 59.
30
Suppose -2209*a = -2210*a + 66. Suppose a = -15*o + 246. Let g = 7 + 0. Calculate the remainder when o is divided by g.
5
Suppose 4*t + 16 = 2*w - 36, t = 5*w - 157. Let u = 37 - w. Suppose f + f - 8 = 0. Calculate the remainder when u is divided by f.
1
Let q be 0 + 0/(-6 + 4). Suppose q = -2*t - 17 - 17. Let g = t - -41. Calculate the remainder when 95 is divided by g.
23
Suppose 3*h = -4*a - 130, -3*h + 2*h - 32 = a. Let y(t) = t**3 + 33*t**2 - 43*t - 124. Calculate the remainder when y(a) is divided by 61.
60
Let y be (-3 - -2)/((-2)/12). Suppose 0 = -47*h + 1871 + 1137. What is the remainder when h is divided by ((-2)/y)/(2/(-66))?
9
Suppose 5*c + 553 = 5*p - 407, p = -c + 182. Let i = p - 9. What is the remainder when i is divided by 30?
28
Let r be (-116)/(-6) - (-6)/9. Suppose -4*k = -w + r, -2*w = k + 5 - 63. Calculate the remainder when 2*2*6396/328 is divided by w.
22
Suppose 21*t + 1035 = 26*t. Let c = t + -122. Let a = c - 48. Calculate the remainder when a is divided by 13.
11
Let i = -574 + 534. Let s = 135 + i. What is the remainder when s is divided by 28?
11
What is the remainder when (-288)/(-72)*27/2 is divided by ((-38)/6)/(40/(-120))?
16
Suppose -4*j + 5*m + 212 = 0, 0*j - 3*j + 186 = 3*m. Suppose -20*g = -11*g + 9288. Let s = 1055 + g. Calculate the remainder when j is divided by s.
12
Let r(z) = 5*z + 14. Let u be r(-4). Let m be 5/((-60)/(-124)) - u/9. Suppose -40 - m = -3*h. What is the remainder when h is divided by 3?
2
Suppose 7210*t - 7214*t = 4*z - 416, 4*t + z - 407 = 0. Let c(a) = -a**3 - 2*a**2 + 3*a - 3. Calculate the remainder when t is divided by c(-4).
16
Suppose -3*d - 133 - 49 = k, -4*k - 46 = d. Let j = d - -48. Let o(x) = -x - 11. What is the remainder when 4 is divided by o(j)?
1
Let g = 74 - 65. Suppose 0 = g*j - 66 - 87. Suppose -3*n + 649 = -j. What is the remainder when n is divided by 32?
30
Suppose 5*g + 29*d = 28*d + 346, 66 = g + d. What is the remainder when 277 is divided by g?
67
Let m(r) = -69*r - 10. Let d be m(-1). Suppose -3*g + 4*s + 53 = 0, d = 5*g + 4*s - 8. Calculate the remainder when 52 is divided by g.
7
Let i = 16740 - 16586. Calculate the remainder when 439 is divided by i.
131
Let d(u) = 10*u**2 - 38*u - 29. Calculate the remainder when 126 is divided by d(-1).
12
Let s = -150 - -94. Let p be (((-9)/12)/(-3))/((-7)/s). Suppose -p*v - 9 = -31. Calculate the remainder when 208 is divided by v.
10
Let a(v) = -71*v**2 + 4*v - 3. Let j be a(1). Let s = j - -113. Calculate the remainder when s is divided by 2.
1
Let r = 25 - 17. Suppose 5*i - 2*i = -20 + 89. Calculate the remainder when i is divided by r.
7
Let j = 792 - 726. Let r(a) = a**3 - 7*a**2 - 9*a + 8. Let c be r(8). Suppose -d + 5*d - 92 = c. What is the remainder when j is divided by d?
20
Let b(c) = c**3 + 9*c**2 - 71*c + 17. Calculate the remainder when 748 is divided by b(5).
4
Calculate the remainder when 799 is divided by (3/(-6)*-9)/((1323/(-336))/(-21)).
7
Let t = 142 - 92. Let n = 99 - -1. Suppose -n - 19 = -7*y. What is the remainder when t is divided by y?
16
Let b = -6681 + 7807. Calculate the remainder when b is divided by 161.
160
Let n(p) = 36*p - 3. Let d = 39617 + -39608. Calculate the remainder when n(2) is divided by d.
6
Let k be 4*(-4)/(-64) - 150/(-8). Suppose -4*h - k + 30 = -5*s, -s = -5. Calculate the remainder when 53 is divided by h.
8
Suppose -7*y = -6*y + 5*u - 1, -2*u = -y + 22. Suppose -45 = 11*t - y*t. Suppose -6*g = -g - 195. What is the remainder when g is divided by t?
3
Let h(j) = -14*j**3 - 8*j**2 - 15*j - 28. What is the remainder when h(-3) is divided by 66?
59
Let c be (-18)/(-2) - (2 - 614). Let b = c + -601. Calculate the remainder when 435 is divided by b.
15
Let g(b) = b**3 - 15*b**2 + 56*b + 2. Let w(s) = -4*s + 68. What is the remainder when w(14) is divided by g(8)?
0
Suppose 0*h - 3*h + 198 = 0. Suppose 0*t + b = 2*t + 13, -2*t + 3*b - 7 = 0. What is the remainder when h is divided by (38*(-11)/88)/(2/t)?
9
Suppose -4*v + 2*j + 1146 = 0, -5*v + 1350 = 2*j - 78. Suppose 20*p - v = 7*p. What is the remainder when 73 is divided by p?
7
Let x(z) = 33*z + 2269. What is the remainder when 126 is divided by x(-68)?
1
Suppose 3*r + 3*z + 0*z = 90, 4*r = 4*z + 112. Suppose 75 = 15*a + 30. What is the remainder when r is divided by 1919/171 - a/((-27)/(-2))?
7
Suppose -4*v + 1423 = 9*f - 6*f, f + 2*v - 471 = 0. Calculate the remainder when f is divided by 15.
1
Let s = -394 - -1437. Calculate the remainder when s is divided by 272.
227
Suppose 5*u + 461 = 3*g, 3*u = 4*g - 0*g - 611. What is the remainder when 309 is divided by g?
5
Let d = -15478 + 15482. Suppose -1 = -6*g + 5*g, 74 = 3*b + 2*g. Calculate the remainder when b is divided by d.
0
Let u(n) = -n**2 - 9*n - 5. Let r = -74 - -104. Suppose 0 = -r*j + 25*j - 35. Calculate the remainder when u(j) is divided by 6.
3
Suppose -3*i + 56 = -4*k - 73, -3*i = -5*k - 129. Let a = -1 + 9. What is the remainder when i is divided by a?
3
Suppose 655*u = 644*u + 297. Calculate the remainder when 113 is divided by u.
5
Let g(f) = -f**3 - 7*f**2 + 4*f + 25. Let m = -2 + -2. What is the remainder when (150/4)/(m/(-24)) is divided by g(-8)?
54
What is the remainder when (195 - 2